{"id":1521,"date":"2018-04-07T12:00:16","date_gmt":"2018-04-07T10:00:16","guid":{"rendered":"http:\/\/castellersdesparreguera.cat\/?page_id=1521"},"modified":"2026-02-19T21:52:02","modified_gmt":"2026-02-19T20:52:02","slug":"qui-som","status":"publish","type":"page","link":"https:\/\/castellersdesparreguera.cat\/?page_id=1521","title":{"rendered":"Qui Som"},"content":{"rendered":"<p><section class=\"kc-elm kc-css-343899 kc_row\"><div class=\"kc-row-container  kc-container\"><div class=\"kc-wrap-columns\"><div class=\"kc-elm kc-css-553327 kc_col-sm-8 kc_column kc_col-sm-8\"><div class=\"kc-col-container\"><div class=\"kc-elm kc-css-89278 kc_text_block\"><\/p>\n<p class=\"MsoNormal\" style=\"margin-top: 12.0pt; text-align: justify; line-height: 150%;\">\n<p class=\"MsoNormal\" style=\"margin-top: 12.0pt; text-align: justify; line-height: 150%;\"><span lang=\"CA\" style=\"font-family: 'Arial','sans-serif';\">Els Castellers d\u2019Esparreguera som la colla castellera del poble d\u2019Esparreguera fundada al 1994 arran d\u2019un projecte de l\u2019Escola Mare de D\u00e9u de la Muntanya. Som un grup de persones d\u2019edats molt diverses que ens aficionen els castells. El nostre color de camisa \u00e9s el bordeus i amb ella ens movem cada temporada per diversos pobles i ciutats de Catalunya on fem els nostres castells. <\/span><\/p>\n<p class=\"MsoNormal\" style=\"margin-top: 12.0pt; text-align: justify; line-height: 150%;\"><span lang=\"CA\" style=\"font-family: 'Arial','sans-serif';\">Des de la nostra fundaci\u00f3, hem assolit gaireb\u00e9\u00a0tota la gamma de castells de set pisos, sent el nostre m\u00e0xim registre el 2 de 7 .\u00a0Hem descarregat construccions com el\u00a09 de 6\u00a0amb una sola\u00a0enxaneta, el\u00a03 de 6 aixecat per sota, el\u00a04 de 7 amb l\u2019agulla, el\u00a0pilar de cinc\u00a0sense mans, el\u00a05 de 7, el 7 de 7\u00a0i hem provat a pla\u00e7a el\u00a0pilar de 6.<\/span><\/p>\n<p class=\"MsoNormal\" style=\"margin-top: 12.0pt; line-height: 150%;\"><span lang=\"CA\" style=\"font-family: 'Arial','sans-serif';\">Som una entitat oberta a tothom, ideal per gaudir-la en fam\u00edlia, amb els amics o per als qui tinguin ganes de con\u00e8ixer gent. Realitzem al voltant d\u2019unes 25 actuacions l\u2019any, a m\u00e9s de diverses activitats culturals i l\u00fadiques com col\u00f2nies, sortides per la canalla, cal\u00e7otades, celebracions&#8230;<\/span><\/p>\n<p>\n<\/div><\/div><\/div><div class=\"kc-elm kc-css-599442 kc_col-sm-4 kc_column kc_col-sm-4\"><div class=\"kc-col-container\"><div class=\"kc-elm kc-css-765258 kc_shortcode kc_single_image\">\n\n        <img decoding=\"async\" src=\"https:\/\/castellersdesparreguera.cat\/wp-content\/uploads\/2018\/04\/9de6.jpg\" class=\"\" alt=\"\" \/>    \t    <p class=\"scapt\">9de6 Diada 26\/11\/1995<\/p>\n\t    <\/div>\n<\/div><\/div><\/div><\/div><\/section><section class=\"kc-elm kc-css-172971 kc_row\"><div class=\"kc-row-container  kc-container\"><div class=\"kc-wrap-columns\"><div class=\"kc-elm kc-css-718670 kc_col-sm-4 kc_column kc_col-sm-4\"><div class=\"kc-col-container\"><div class=\"kc-elm kc-css-302702 kc_shortcode kc_single_image\">\n\n        <img decoding=\"async\" src=\"https:\/\/castellersdesparreguera.cat\/wp-content\/uploads\/2026\/02\/Diada-2017-5d7-1.jpg\" class=\"\" alt=\"\" \/>    \t    <p class=\"scapt\">7de7 Diada 2017<\/p>\n\t    <\/div>\n<\/div><\/div><div class=\"kc-elm kc-css-737934 kc_col-sm-4 kc_column kc_col-sm-4\"><div class=\"kc-col-container\"><div class=\"kc-elm kc-css-414407 kc_shortcode kc_single_image\">\n\n        <img decoding=\"async\" src=\"https:\/\/castellersdesparreguera.cat\/wp-content\/uploads\/2026\/02\/Diada-2017-5d7-1.jpg\" class=\"\" alt=\"\" \/>    \t    <p class=\"scapt\">5de7 Diada 2017<\/p>\n\t    <\/div>\n<\/div><\/div><div class=\"kc-elm kc-css-66609 kc_col-sm-4 kc_column kc_col-sm-4\"><div class=\"kc-col-container\"><div class=\"kc-elm kc-css-102584 kc_shortcode kc_single_image\">\n\n        <img decoding=\"async\" src=\"https:\/\/castellersdesparreguera.cat\/wp-content\/uploads\/2024\/01\/Torre-de-7-Berga-3.jpg\" class=\"\" alt=\"\" \/>    \t    <p class=\"scapt\">Torre de7 Berga 20\/10 \/2018<\/p>\n\t    <\/div>\n<\/div><\/div><\/div><\/div><\/section><section class=\"kc-elm kc-css-977671 kc_row\"><div class=\"kc-row-container  kc-container\"><div class=\"kc-wrap-columns\"><div class=\"kc-elm kc-css-975473 kc_col-sm-12 kc_column kc_col-sm-12\"><div class=\"kc-col-container\"><\/div><\/div><\/div><\/div><\/section><\/p>\n","protected":false},"excerpt":{"rendered":"","protected":false},"author":1,"featured_media":0,"parent":0,"menu_order":1,"comment_status":"closed","ping_status":"closed","template":"","meta":{"footnotes":""},"class_list":["post-1521","page","type-page","status-publish","hentry"],"_links":{"self":[{"href":"https:\/\/castellersdesparreguera.cat\/index.php?rest_route=\/wp\/v2\/pages\/1521","targetHints":{"allow":["GET"]}}],"collection":[{"href":"https:\/\/castellersdesparreguera.cat\/index.php?rest_route=\/wp\/v2\/pages"}],"about":[{"href":"https:\/\/castellersdesparreguera.cat\/index.php?rest_route=\/wp\/v2\/types\/page"}],"author":[{"embeddable":true,"href":"https:\/\/castellersdesparreguera.cat\/index.php?rest_route=\/wp\/v2\/users\/1"}],"replies":[{"embeddable":true,"href":"https:\/\/castellersdesparreguera.cat\/index.php?rest_route=%2Fwp%2Fv2%2Fcomments&post=1521"}],"version-history":[{"count":23,"href":"https:\/\/castellersdesparreguera.cat\/index.php?rest_route=\/wp\/v2\/pages\/1521\/revisions"}],"predecessor-version":[{"id":13414,"href":"https:\/\/castellersdesparreguera.cat\/index.php?rest_route=\/wp\/v2\/pages\/1521\/revisions\/13414"}],"wp:attachment":[{"href":"https:\/\/castellersdesparreguera.cat\/index.php?rest_route=%2Fwp%2Fv2%2Fmedia&parent=1521"}],"curies":[{"name":"wp","href":"https:\/\/api.w.org\/{rel}","templated":true}]}}

<p><section class="kc-elm kc-css-343899 kc_row"><div class="kc-row-container  kc-container"><div class="kc-wrap-columns"><div class="kc-elm kc-css-553327 kc_col-sm-8 kc_column kc_col-sm-8"><div class="kc-col-container"><div class="kc-elm kc-css-89278 kc_text_block"></p>
<p class="MsoNormal" style="margin-top: 12.0pt; text-align: justify; line-height: 150%;">
<p class="MsoNormal" style="margin-top: 12.0pt; text-align: justify; line-height: 150%;"><span lang="CA" style="font-family: 'Arial','sans-serif';">Els Castellers d’Esparreguera som la colla castellera del poble d’Esparreguera fundada al 1994 arran d’un projecte de l’Escola Mare de Déu de la Muntanya. Som un grup de persones d’edats molt diverses que ens aficionen els castells. El nostre color de camisa és el bordeus i amb ella ens movem cada temporada per diversos pobles i ciutats de Catalunya on fem els nostres castells. </span></p>
<p class="MsoNormal" style="margin-top: 12.0pt; text-align: justify; line-height: 150%;"><span lang="CA" style="font-family: 'Arial','sans-serif';">Des de la nostra fundació, hem assolit gairebé tota la gamma de castells de set pisos, sent el nostre màxim registre el 2 de 7 . Hem descarregat construccions com el 9 de 6 amb una sola enxaneta, el 3 de 6 aixecat per sota, el 4 de 7 amb l’agulla, el pilar de cinc sense mans, el 5 de 7, el 7 de 7 i hem provat a plaça el pilar de 6.</span></p>
<p class="MsoNormal" style="margin-top: 12.0pt; line-height: 150%;"><span lang="CA" style="font-family: 'Arial','sans-serif';">Som una entitat oberta a tothom, ideal per gaudir-la en família, amb els amics o per als qui tinguin ganes de conèixer gent. Realitzem al voltant d’unes 25 actuacions l’any, a més de diverses activitats culturals i lúdiques com colònies, sortides per la canalla, calçotades, celebracions&#8230;</span></p>
<p>
</div></div></div><div class="kc-elm kc-css-599442 kc_col-sm-4 kc_column kc_col-sm-4"><div class="kc-col-container"><div class="kc-elm kc-css-765258 kc_shortcode kc_single_image">

        <img decoding="async" src="https://castellersdesparreguera.cat/wp-content/uploads/2018/04/9de6.jpg" class="" alt="" />    	    <p class="scapt">9de6 Diada 26/11/1995</p>
	    </div>
</div></div></div></div></section><section class="kc-elm kc-css-172971 kc_row"><div class="kc-row-container  kc-container"><div class="kc-wrap-columns"><div class="kc-elm kc-css-718670 kc_col-sm-4 kc_column kc_col-sm-4"><div class="kc-col-container"><div class="kc-elm kc-css-302702 kc_shortcode kc_single_image">

        <img decoding="async" src="https://castellersdesparreguera.cat/wp-content/uploads/2026/02/Diada-2017-5d7-1.jpg" class="" alt="" />    	    <p class="scapt">7de7 Diada 2017</p>
	    </div>
</div></div><div class="kc-elm kc-css-737934 kc_col-sm-4 kc_column kc_col-sm-4"><div class="kc-col-container"><div class="kc-elm kc-css-414407 kc_shortcode kc_single_image">

        <img decoding="async" src="https://castellersdesparreguera.cat/wp-content/uploads/2026/02/Diada-2017-5d7-1.jpg" class="" alt="" />    	    <p class="scapt">5de7 Diada 2017</p>
	    </div>
</div></div><div class="kc-elm kc-css-66609 kc_col-sm-4 kc_column kc_col-sm-4"><div class="kc-col-container"><div class="kc-elm kc-css-102584 kc_shortcode kc_single_image">

        <img decoding="async" src="https://castellersdesparreguera.cat/wp-content/uploads/2024/01/Torre-de-7-Berga-3.jpg" class="" alt="" />    	    <p class="scapt">Torre de7 Berga 20/10 /2018</p>
	    </div>
</div></div></div></div></section><section class="kc-elm kc-css-977671 kc_row"><div class="kc-row-container  kc-container"><div class="kc-wrap-columns"><div class="kc-elm kc-css-975473 kc_col-sm-12 kc_column kc_col-sm-12"><div class="kc-col-container"></div></div></div></div></section></p>
